15. Let l(k) = -35*k**3 - 38*k**2 + 46*k - 23. Let a(w) = 5*l(w) - 8*t(w). Determine a(-11).
-6
Let a(j) be the second derivative of j**4/12 + 2*j**3 + 35*j**2/2 + 2343*j. Determine a(-5).
0
Let u(w) = -w. Let s be u(6). Let m(f) = -414*f + 21 - 68 + 15 + 415*f + 28. Determine m(s).
-10
Let b(g) = 19*g**2 + 20*g + 30. Let l(k) = -29*k**2 - 31*k - 47. Let r(m) = 17*b(m) + 11*l(m). What is r(-3)?
32
Let l = 279 + -255. Let j = 27 - l. Let z(q) = q**3 - 2*q**2 - 5*q + 2. Give z(j).
-4
Let r = -414 - -421. Let t(i) be the second derivative of -i**3/6 + 3*i**2/2 - 25*i. Determine t(r).
-4
Let o(d) = 66*d**2 - d - 6. Suppose 2*l + 5*r + 35 = 0, -4*l + 3*l - 4*r = 25. Let t(k) = -43*k**2 + k + 4. Let v(z) = l*o(z) - 8*t(z). Determine v(-1).
15
Let x(v) be the first derivative of -8/3*v**3 - 1/4*v**4 + 9*v - 3*v**2 - 55. Give x(-7).
2
Let i(a) = -43*a + 1. Suppose 1763*z - 1760*z - 9 = 0. Calculate i(z).
-128
Let y be (-730)/(-22265) - (-37)/732. Let s(o) be the second derivative of 7/6*o**3 + 0 + 5/2*o**2 + 9*o + y*o**4. Determine s(-6).
-1
Let z(a) = 10*a - 33. Suppose -203*v = -284*v + 1134. What is z(v)?
107
Let n(c) be the first derivative of 2*c**2 - 3*c + 5715. Suppose 0 = 2*j + 1 - 11. Calculate n(j).
17
Let j(c) = c**3 + 33*c**2 - 281*c - 42. Let x be j(-40). Let k(o) = 20*o**2 - 2*o + 1. Calculate k(x).
85
Let u be (-66845)/(-3915) - ((-79)/27 - (3 + -6)). Let s(i) = -i**2 + 20*i - 25. Calculate s(u).
26
Let q(k) = -20*k + 18. Suppose 3*o = -4*z - 2276 + 2254, 0 = -o + 5*z + 37. What is q(o)?
-22
Let b be (63/63)/(3/6). Let o(t) be the first derivative of 7*t - 3 + 1/3*t**3 - 3*t**b. Give o(5).
2
Let p = -2330 + 2322. Let h(t) = -t**3 - 5*t**2 + 24*t - 1. Give h(p).
-1
Let h(g) = -g**2 - g + 4. Let o be ((-4)/3)/(5*4/30). Let l(w) = -w**2 - 2*w - 3. Let d be l(o). Give h(d).
-2
Let d(h) = -h**3 + 21*h**2 + 17*h + 119. Let y be -24 + 46*(-10 - -11). What is d(y)?
9
Suppose -5*a + 0*a = -r + 3, -3*r - 3*a = -27. Let j(o) = -1 - o - o**2 + 8 - 14 + r*o. Give j(7).
-7
Let y(m) = -6*m**2 + m - 340*m**3 - 6 - 342*m**3 + 1018*m**3 - 335*m**3. Suppose -3*a + 6*n = n + 7, 4*a = 4*n + 4. Calculate y(a).
0
Let g(i) = -1 - 15*i + 5*i - 2. Let h(m) = -7*m - 2. Let r = -517 + 512. Let y(s) = r*g(s) + 7*h(s). Calculate y(-1).
0
Let s(f) = f**3 + 14*f**2 - 31*f + 9. Suppose 407 - 23 = -167*w + 143*w. What is s(w)?
-7
Let t(o) be the first derivative of -o**4/4 + 5*o**3/3 + 18*o**2 + 21*o - 2865. Determine t(9).
21
Suppose 28 = -w - 4*i, 3*i - 7 = 4*w - 2*i. Let l(q) be the second derivative of -q**5/20 - 3*q**4/4 - 7*q**3/6 + q**2/2 - 3518*q. Give l(w).
-7
Let x be 24/(-36)*-3*(2 + -6 - -1). Let c(r) = -13*r - 61. What is c(x)?
17
Let c be ((-75)/(-20))/15*12*(-20)/12. Let n(d) = -d**3 - 6*d**2 + 2*d + 8. What is n(c)?
-27
Let h be (-928)/(-176) - (-6)/(-22). Suppose h*r = -2*p + 4, 4*p = 4*r + 13 - 33. Let z(t) = 9*t**2 - t + 2. Give z(r).
36
Let w(z) = 1520 - 738 - 781 - z. What is w(-8)?
9
Let r(t) = -20*t - 22*t + 0*t**2 + t**2 - 463 - 40*t + 74*t. Determine r(26).
5
Let i(h) be the third derivative of -h**6/120 - h**5/3 + 23*h**4/24 + 47*h**3/6 - 3*h**2 + 88*h + 2. What is i(-21)?
5
Let a(q) = 2*q**2 + 2*q + 4. Let n(b) = b**2 + 2*b - 16. Let c be n(4). Suppose -c*s + 7*s = -3*j - 13, 4*j + 24 = 3*s. Determine a(j).
16
Let d(l) = 2*l + 8*l**2 + 201 - 199 + l**3 + 5*l. Let s be 10*1/(6/3). Suppose -5*g - 12 + 2 = s*z, -33 = 4*g - z. Determine d(g).
2
Let l(y) be the second derivative of -y**5/20 - y**4/2 - y**3/6 - 3*y**2 + 3*y - 2. Let h(z) = 9*z - 2. Let p be h(1). Suppose 8*x = p*x - 6. Calculate l(x).
0
Let m(z) = -10*z**3 - 102*z**2 - 36*z - 170. Let b be m(-10). Let x(u) = u**2 + 10*u + 2. Determine x(b).
2
Let v = -16 - -21. Let n be ((-1)/v)/((8/20)/(-2)). Let i(g) = -12*g**3 - 3*g**2 - g. Let h(r) = r**3 + r**2. Let a(q) = -5*h(q) - i(q). What is a(n)?
6
Let l(w) be the third derivative of -w**7/2520 + w**6/360 + w**5/60 - 3*w**4/4 + 3*w**2 - 10. Let m(o) be the second derivative of l(o). Calculate m(3).
-1
Let c(d) = -41*d**2 + 13*d - 11. Let t(h) = 62*h**2 - 20*h + 17. Let a(v) = -14*c(v) - 9*t(v). Calculate a(2).
61
Let i(g) = -9*g - g**3 - 425*g**2 + 9 + 869*g**2 - 4*g - 436*g**2. Determine i(6).
3
Let h(n) = -54*n + 11. Let p(l) = 118*l - 23. Let c(z) = 22*h(z) + 10*p(z). Determine c(2).
-4
Let t(m) = -31*m + 55*m - 13*m**2 + 58*m**3 - 22*m - 30*m**3 - 15 - 29*m**3. Give t(-13).
-41
Let n be 10/(1800/(-1065)) + (9 - 2) + -1. Let k(i) be the second derivative of n*i**4 + 0 - 7/6*i**3 + i + 9/2*i**2. What is k(6)?
3
Let a(l) = -l**2 - 7*l - 6. Suppose 5*d + 4*x - 11 = 19, -x = -5. Let i(q) = 13*q**d - 40*q - 36 + 50*q**3 - 49*q**3 + 8*q. Let z be i(-15). Determine a(z).
0
Let z(v) = v**3 + 11*v**2 - 5*v - 6. Suppose 7 = -j + 4*g, 6*j - 10*j - 45 = g. Determine z(j).
49
Let h(s) be the second derivative of -s**5/20 + 7*s**4/6 - 5*s**3/3 - 21*s**2 + 2*s - 720. Determine h(13).
-3
Let z(w) = -w**3 - w**2 - 10*w - 6. Let m(y) = -y**3 - 10*y - 5. Let l(r) = -6*m(r) + 7*z(r). Let g be l(-6). Let a(f) = f**2 - 12*f + 3. Give a(g).
3
Let b = -20 - -13. Let z(g) be the first derivative of g**2/2 + 8*g - 358741. Give z(b).
1
Let x = -59 + 62. Let j(w) = -4*w**3 - 2*w - 3*w**2 + 0*w + x*w + 5*w**3 + 3. Calculate j(4).
23
Let v be 21 + -5 + (-56)/(128/16). Let j(t) = t**3 - 9*t**2 + 16*t - 148. What is j(v)?
-4
Let j(h) = -18*h**2 - 159*h + 23. Let y be j(-9). Suppose 15 = 3*c + 6. Let f(b) = 4*b**2 + 0*b**3 - b + 2*b**3 - b**c + 5*b - 2. Give f(y).
-18
Let b(a) be the first derivative of a**4/4 - 10*a**3/3 + 15*a**2/2 - 21*a - 741. What is b(9)?
33
Let v(c) = -c**3 + 6*c**2 - 5*c - 7. Suppose 0 = 4*m - 587 + 235. Suppose m = 8*j + 48. Determine v(j).
-7
Let c(f) = 1 - f + 2*f - 2*f. Suppose 42 = 7*m - 0*m. Suppose 2*b = v + m*b + 6, -4*v = b - 21. Determine c(v).
-5
Let j(u) = -3*u**2 + 873*u + 5 - 873*u. Give j(-3).
-22
Let c(p) = 2*p + 56035 + 5*p - 56031. Determine c(-3).
-17
Suppose 10*r - 8*r + 5*p = 0, 10 = -3*r - 5*p. Let q(u) = 40 - 10*u**2 + u**3 + 43 - 86 + 12*u - 2*u**3 + u**2. Determine q(r).
-23
Suppose 0 = 5*i + 3*l - 6 - 4, -7*l = 2*i - 4. Let d(m) = 6*m - 12. Give d(i).
0
Let b be 9/7 - 4/14. Let p(t) = 3*t**3 + 32*t**2 - 3*t - 7. Let a(o) = 2*o**3 + 13*o**2 - o - 3. Let h(k) = 5*a(k) - 2*p(k). Give h(b).
5
Let k be (2 + 8 + -2)*(-6 + -1). Let o = k - -58. Let w(h) = -647*h**2 + o - 3 + h - 2*h**3 + 648*h**2. Determine w(1).
-1
Let j(f) = 2*f**2 + 28*f + 61. Let a be j(-12). Let v(n) = 3*n**2 - 41*n + 30. What is v(a)?
4
Let c(y) = 14*y**3 + 218 - 217 + y + 18*y**3 + 51*y**3 - y**2. Calculate c(-1).
-84
Let l(o) = -6*o**2 - 18*o + 46. Let h(g) be the second derivative of g**4/12 + 2*g**3/3 - 9*g**2/2 + 2*g + 23. Let m(x) = 11*h(x) + 2*l(x). Calculate m(6).
5
Let s(z) = 0*z**3 - 7*z**3 - 7*z**2 + 7*z**3 + 7 - 5*z - z**3. Let b = 328 + -220. Let p = 102 - b. What is s(p)?
1
Suppose n - 4 = -4*n + 2*u, 3*u = 3*n + 3. Let b(y) = -10*y**2 + 4*y - 3. Determine b(n).
-35
Let d(w) = 1259*w - 6297. Let v be d(5). Let z(l) = -32*l - 17. Give z(v).
47
Let a(s) = -87*s**2 - s - 1. Suppose 3*v + 121*d = 115*d - 15, d = -2. Give a(v).
-87
Suppose -2*x = -w + 3*x - 23, 2*w + 4*x = 10. Let u(v) = 16*v**2 + 176 - 31*v**2 + 17*v**2 - 173. Let o(t) = t + 1. Let g(q) = w*o(q) + u(q). Give g(3).
9
Suppose 46*n - 20 = -66. Let w(r) = -13*r**2 - 3*r - 3. What is w(n)?
-13
Let w(l) = l - 5. Let x(z) = -3*z**2 + 3*z + 34. Let j(s) = 4*w(s) + x(s). Give j(4).
-6
Let s(i) = -95*i - 966. Let r be s(-10). Let z(t) be the second derivative of -t**5/20 - 17*t**4/12 - 8*t**3/3 - 7*t. What is z(r)?
0
Let m(h) = -h**3 - 7*h**2 + 4*h - 27. Let u be -2*((-16)/(-24) + 30/9). Calculate m(u).
5
Suppose 139 = -t - 0*d - d, 0 = -5*t - 2*d - 698. Let v = t + 140. Let w(u) = u + 2. Calculate w(v).
2
Let z(v) = v**3 + 5*v**2 + 2*v - 3. Suppose -2*t = -t + 5*i, 0 = 4*t + 5*i. Let j be (1 + t + 0)/(1/6). Let u be j + -6 - (-1 - 8/(-2)). Give z(u).
9
Let b(d) = d**2 - 5*d + 7. Let f be b(0). Suppose g + 5 = -f. Let k be 14/4 + 18/g. Let s(x) = -x**2 + 2*x - 1. What is s(k)?
-1
Let x(q) be the third derivative of -7/6*q**3 - 5/24*q**4 + 64*q - 1/30*q**5 + 0 + 2*q**2. Determine x(-6).
-49
Let h(u) = u**2 - 5*u - 39. Suppose 143*p + 2037 = 1465. Give h(p).
-3
Let u(w) be the secon